{"id":6408,"date":"2020-11-13T10:04:55","date_gmt":"2020-11-13T08:04:55","guid":{"rendered":"http:\/\/norpol-event.com\/?page_id=6408"},"modified":"2026-03-18T11:37:32","modified_gmt":"2026-03-18T09:37:32","slug":"marketit-hanko","status":"publish","type":"page","link":"https:\/\/lomahanko.info\/index.php\/marketit-hanko\/","title":{"rendered":"Marketit Hanko"},"content":{"rendered":"\n<figure class=\"wp-block-image size-large\"><img loading=\"lazy\" decoding=\"async\" width=\"687\" height=\"116\" src=\"https:\/\/lomahanko.info\/wp-content\/uploads\/2020\/11\/Tyhja_transparent1.png\" alt=\"\" class=\"wp-image-6062\" srcset=\"https:\/\/lomahanko.info\/wp-content\/uploads\/2020\/11\/Tyhja_transparent1.png 687w, https:\/\/lomahanko.info\/wp-content\/uploads\/2020\/11\/Tyhja_transparent1-300x51.png 300w\" sizes=\"auto, (max-width: 687px) 100vw, 687px\" \/><\/figure>\n\n\n\n<div class=\"wp-block-columns is-layout-flex wp-container-core-columns-is-layout-9d6595d7 wp-block-columns-is-layout-flex\">\n<div class=\"wp-block-column is-layout-flow wp-block-column-is-layout-flow\" style=\"flex-basis:33.33%\">\n<figure class=\"wp-block-image size-large\"><img loading=\"lazy\" decoding=\"async\" width=\"136\" height=\"134\" src=\"https:\/\/lomahanko.info\/wp-content\/uploads\/2020\/11\/Market_icon.png\" alt=\"\" class=\"wp-image-6410\"\/><\/figure>\n<\/div>\n\n\n\n<div class=\"wp-block-column is-layout-flow wp-block-column-is-layout-flow\" style=\"flex-basis:66.66%\">\n<figure class=\"wp-block-image size-large\"><img loading=\"lazy\" decoding=\"async\" width=\"552\" height=\"91\" src=\"https:\/\/lomahanko.info\/wp-content\/uploads\/2021\/04\/k-supermarket_hanko_logo.png\" alt=\"\" class=\"wp-image-7034\" srcset=\"https:\/\/lomahanko.info\/wp-content\/uploads\/2021\/04\/k-supermarket_hanko_logo.png 552w, https:\/\/lomahanko.info\/wp-content\/uploads\/2021\/04\/k-supermarket_hanko_logo-300x49.png 300w\" sizes=\"auto, (max-width: 552px) 100vw, 552px\" \/><\/figure>\n\n\n\n<figure class=\"wp-block-table\"><table><tbody><tr><td><strong>K-MARKET HANKO<\/strong><\/td><\/tr><tr><td><a href=\"https:\/\/www.google.fi\/maps\/place\/K-Supermarket+Hanko\/@59.8286111,22.9617001,17z\/data=!4m12!1m6!3m5!1s0x468ce2f57e36f7a1:0x6ba9c7fd3569e4a!2sK-Supermarket+Hanko!8m2!3d59.8286111!4d22.9638888!3m4!1s0x468ce2f57e36f7a1:0x6ba9c7fd3569e4a!8m2!3d59.8286111!4d22.9638888\" target=\"_blank\" rel=\"noreferrer noopener\">Rewellinkatu 2 10900 HANKO<\/a><\/td><\/tr><tr><td>p. <a href=\"tel:0207871680\">0207871680<\/a><\/td><\/tr><tr><td><a href=\"https:\/\/www.k-ruoka.fi\/kauppa\/k-supermarket-hanko-hango\/aukioloajat\" target=\"_blank\" rel=\"noreferrer noopener\">Katso aukioloajat t\u00e4st\u00e4<\/a><\/td><\/tr><\/tbody><\/table><\/figure>\n\n\n\n<hr class=\"wp-block-separator has-css-opacity\"\/>\n\n\n\n<figure class=\"wp-block-image size-large is-resized\"><img loading=\"lazy\" decoding=\"async\" width=\"180\" height=\"180\" src=\"https:\/\/lomahanko.info\/wp-content\/uploads\/2021\/04\/S-Market_hanko_logo.png\" alt=\"\" class=\"wp-image-7035\" style=\"width:133px;height:133px\" srcset=\"https:\/\/lomahanko.info\/wp-content\/uploads\/2021\/04\/S-Market_hanko_logo.png 180w, https:\/\/lomahanko.info\/wp-content\/uploads\/2021\/04\/S-Market_hanko_logo-150x150.png 150w\" sizes=\"auto, (max-width: 180px) 100vw, 180px\" \/><\/figure>\n\n\n\n<figure class=\"wp-block-table\"><table><tbody><tr><td><strong>S-MARKET HANKO<\/strong><\/td><\/tr><tr><td><a href=\"https:\/\/www.google.fi\/maps\/place\/S-Market+Hanko\/@59.8260928,22.9657392,17z\/data=!4m12!1m6!3m5!1s0x468ce25fd8f93c75:0x3fdd3cd278be5dd2!2sS-Market+Hanko!8m2!3d59.8260928!4d22.9679279!3m4!1s0x468ce25fd8f93c75:0x3fdd3cd278be5dd2!8m2!3d59.8260928!4d22.9679279\" target=\"_blank\" rel=\"noreferrer noopener\"><a href=\"https:\/\/maps.google.com\/maps?z=10&amp;t=m&amp;q=S-market%20Hanko%2C%20Esplanaadi%2090e%2C%2010900%20Hanko\" target=\"_blank\" rel=\"noreferrer noopener\">Esplanaadi 90e, 10900 Hanko<\/a><\/a><\/td><\/tr><tr><td>p. \u00a0<a href=\"tel:+358107626310\">+358 10 7626310\u00a0<small>(pvm\/mpm)<\/small><\/a><\/td><\/tr><tr><td>Avoinna: 06:00\u201423:00<\/td><\/tr><\/tbody><\/table><\/figure>\n\n\n\n<hr class=\"wp-block-separator has-css-opacity\"\/>\n\n\n\n<figure class=\"wp-block-image size-large is-resized\"><img loading=\"lazy\" decoding=\"async\" width=\"225\" height=\"225\" src=\"https:\/\/lomahanko.info\/wp-content\/uploads\/2021\/04\/Lidl_logo.png\" alt=\"\" class=\"wp-image-7036\" style=\"width:144px;height:144px\" srcset=\"https:\/\/lomahanko.info\/wp-content\/uploads\/2021\/04\/Lidl_logo.png 225w, https:\/\/lomahanko.info\/wp-content\/uploads\/2021\/04\/Lidl_logo-150x150.png 150w\" sizes=\"auto, (max-width: 225px) 100vw, 225px\" \/><\/figure>\n\n\n\n<figure class=\"wp-block-table\"><table><tbody><tr><td><strong>LIDL HANKO<\/strong><\/td><\/tr><tr><td><a href=\"https:\/\/www.google.fi\/maps\/place\/Lidl+Hanko\/@59.8307433,22.9859279,17z\/data=!3m1!4b1!4m5!3m4!1s0x468ce2892c7cb1a1:0x19328c01ea8fa215!8m2!3d59.8307433!4d22.9881166\" target=\"_blank\" rel=\"noreferrer noopener\">Esplanaadi 134, 10900 HANKO<\/a><\/td><\/tr><tr><td><\/td><\/tr><tr><td><a href=\"https:\/\/www.lidl.fi\/myymaelaet\" target=\"_blank\" rel=\"noreferrer noopener\">Katso aukioloajat t\u00e4st\u00e4<\/a><\/td><\/tr><\/tbody><\/table><\/figure>\n\n\n\n<hr class=\"wp-block-separator has-css-opacity\"\/>\n\n\n\n<figure class=\"wp-block-image size-large is-resized\"><img loading=\"lazy\" decoding=\"async\" width=\"276\" height=\"183\" src=\"https:\/\/lomahanko.info\/wp-content\/uploads\/2021\/04\/Tokmanni_logo.png\" alt=\"\" class=\"wp-image-7037\" style=\"width:151px;height:100px\"\/><\/figure>\n\n\n\n<figure class=\"wp-block-table\"><table><tbody><tr><td><strong>TOKMANNI HANKO<\/strong><\/td><\/tr><tr><td><a href=\"https:\/\/www.google.fi\/maps\/place\/Tokmanni+Hanko\/@59.8386904,22.9936019,17z\/data=!3m1!4b1!4m5!3m4!1s0x468ce2600e0610bf:0x68c912b3a8497b94!8m2!3d59.8386904!4d22.9957906\" target=\"_blank\" rel=\"noreferrer noopener\">Santalantie 21 A 10960 HANKO<\/a><\/td><\/tr><tr><td>p. <strong><a href=\"tel: 0600472063\">0300472063<\/a><\/strong>   <strong><a href=\"mailto:271.myymala@tokmanni.fi\">271.myymala@tokmanni.fi<\/a><\/strong><\/td><\/tr><tr><td><a href=\"https:\/\/www.tokmanni.fi\/store\/hanko\" target=\"_blank\" rel=\"noreferrer noopener\">Katso aukioloajat t\u00e4st\u00e4<\/a><\/td><\/tr><\/tbody><\/table><\/figure>\n<\/div>\n<\/div>\n\n\n\n<hr class=\"wp-block-separator has-css-opacity\"\/>\n\n\n\n<figure class=\"wp-block-image size-large\"><img loading=\"lazy\" decoding=\"async\" width=\"589\" height=\"190\" src=\"https:\/\/lomahanko.info\/wp-content\/uploads\/2020\/11\/Transparent-silhuetti2.png\" alt=\"\" class=\"wp-image-6116\" srcset=\"https:\/\/lomahanko.info\/wp-content\/uploads\/2020\/11\/Transparent-silhuetti2.png 589w, https:\/\/lomahanko.info\/wp-content\/uploads\/2020\/11\/Transparent-silhuetti2-300x97.png 300w\" sizes=\"auto, (max-width: 589px) 100vw, 589px\" \/><\/figure>\n","protected":false},"excerpt":{"rendered":"<p>K-MARKET HANKO Rewellinkatu 2 10900 HANKO p. 0207871680 Katso aukioloajat t\u00e4st\u00e4 S-MARKET HANKO Esplanaadi 90e, 10900 Hanko p. \u00a0+358 10 7626310\u00a0(pvm\/mpm) Avoinna: 06:00\u201423:00 LIDL HANKO Esplanaadi 134, 10900 HANKO Katso aukioloajat t\u00e4st\u00e4 TOKMANNI HANKO Santalantie 21 A 10960 HANKO p. 0300472063 271.myymala@tokmanni.fi Katso aukioloajat t\u00e4st\u00e4<\/p>\n","protected":false},"author":1,"featured_media":0,"parent":0,"menu_order":0,"comment_status":"closed","ping_status":"closed","template":"","meta":{"footnotes":""},"class_list":["post-6408","page","type-page","status-publish","hentry"],"yoast_head":"<!-- This site is optimized with the Yoast SEO plugin v27.2 - https:\/\/yoast.com\/product\/yoast-seo-wordpress\/ -->\n<title>Marketit Hanko -<\/title>\n<meta name=\"robots\" content=\"index, follow, max-snippet:-1, max-image-preview:large, max-video-preview:-1\" \/>\n<link rel=\"canonical\" href=\"https:\/\/lomahanko.info\/index.php\/marketit-hanko\/\" \/>\n<meta property=\"og:locale\" content=\"fi_FI\" \/>\n<meta property=\"og:type\" content=\"article\" \/>\n<meta property=\"og:title\" content=\"Marketit Hanko -\" \/>\n<meta property=\"og:description\" content=\"K-MARKET HANKO Rewellinkatu 2 10900 HANKO p. 0207871680 Katso aukioloajat t\u00e4st\u00e4 S-MARKET HANKO Esplanaadi 90e, 10900 Hanko p. \u00a0+358 10 7626310\u00a0(pvm\/mpm) Avoinna: 06:00\u201423:00 LIDL HANKO Esplanaadi 134, 10900 HANKO Katso aukioloajat t\u00e4st\u00e4 TOKMANNI HANKO Santalantie 21 A 10960 HANKO p. 0300472063 271.myymala@tokmanni.fi Katso aukioloajat t\u00e4st\u00e4\" \/>\n<meta property=\"og:url\" content=\"https:\/\/lomahanko.info\/index.php\/marketit-hanko\/\" \/>\n<meta property=\"article:publisher\" content=\"https:\/\/www.facebook.com\/groups\/214625491910322\" \/>\n<meta property=\"article:modified_time\" content=\"2026-03-18T09:37:32+00:00\" \/>\n<meta property=\"og:image\" content=\"https:\/\/lomahanko.info\/wp-content\/uploads\/2020\/11\/Tyhja_transparent1.png\" \/>\n\t<meta property=\"og:image:width\" content=\"687\" \/>\n\t<meta property=\"og:image:height\" content=\"116\" \/>\n\t<meta property=\"og:image:type\" content=\"image\/png\" \/>\n<meta name=\"twitter:card\" content=\"summary_large_image\" \/>\n<meta name=\"twitter:label1\" content=\"Arvioitu lukuaika\" \/>\n\t<meta name=\"twitter:data1\" content=\"2 minuuttia\" \/>\n<script type=\"application\/ld+json\" class=\"yoast-schema-graph\">{\"@context\":\"https:\/\/schema.org\",\"@graph\":[{\"@type\":\"WebPage\",\"@id\":\"https:\/\/lomahanko.info\/index.php\/marketit-hanko\/\",\"url\":\"https:\/\/lomahanko.info\/index.php\/marketit-hanko\/\",\"name\":\"Marketit Hanko -\",\"isPartOf\":{\"@id\":\"https:\/\/lomahanko.info\/#website\"},\"primaryImageOfPage\":{\"@id\":\"https:\/\/lomahanko.info\/index.php\/marketit-hanko\/#primaryimage\"},\"image\":{\"@id\":\"https:\/\/lomahanko.info\/index.php\/marketit-hanko\/#primaryimage\"},\"thumbnailUrl\":\"https:\/\/lomahanko.info\/wp-content\/uploads\/2020\/11\/Tyhja_transparent1.png\",\"datePublished\":\"2020-11-13T08:04:55+00:00\",\"dateModified\":\"2026-03-18T09:37:32+00:00\",\"breadcrumb\":{\"@id\":\"https:\/\/lomahanko.info\/index.php\/marketit-hanko\/#breadcrumb\"},\"inLanguage\":\"fi\",\"potentialAction\":[{\"@type\":\"ReadAction\",\"target\":[\"https:\/\/lomahanko.info\/index.php\/marketit-hanko\/\"]}]},{\"@type\":\"ImageObject\",\"inLanguage\":\"fi\",\"@id\":\"https:\/\/lomahanko.info\/index.php\/marketit-hanko\/#primaryimage\",\"url\":\"https:\/\/lomahanko.info\/wp-content\/uploads\/2020\/11\/Tyhja_transparent1.png\",\"contentUrl\":\"https:\/\/lomahanko.info\/wp-content\/uploads\/2020\/11\/Tyhja_transparent1.png\",\"width\":687,\"height\":116},{\"@type\":\"BreadcrumbList\",\"@id\":\"https:\/\/lomahanko.info\/index.php\/marketit-hanko\/#breadcrumb\",\"itemListElement\":[{\"@type\":\"ListItem\",\"position\":1,\"name\":\"Etusivu\",\"item\":\"https:\/\/lomahanko.info\/\"},{\"@type\":\"ListItem\",\"position\":2,\"name\":\"Marketit Hanko\"}]},{\"@type\":\"WebSite\",\"@id\":\"https:\/\/lomahanko.info\/#website\",\"url\":\"https:\/\/lomahanko.info\/\",\"name\":\"\",\"description\":\"\",\"publisher\":{\"@id\":\"https:\/\/lomahanko.info\/#organization\"},\"potentialAction\":[{\"@type\":\"SearchAction\",\"target\":{\"@type\":\"EntryPoint\",\"urlTemplate\":\"https:\/\/lomahanko.info\/?s={search_term_string}\"},\"query-input\":{\"@type\":\"PropertyValueSpecification\",\"valueRequired\":true,\"valueName\":\"search_term_string\"}}],\"inLanguage\":\"fi\"},{\"@type\":\"Organization\",\"@id\":\"https:\/\/lomahanko.info\/#organization\",\"name\":\"Lomahanko\",\"url\":\"https:\/\/lomahanko.info\/\",\"logo\":{\"@type\":\"ImageObject\",\"inLanguage\":\"fi\",\"@id\":\"https:\/\/lomahanko.info\/#\/schema\/logo\/image\/\",\"url\":\"https:\/\/lomahanko.info\/wp-content\/uploads\/2020\/10\/cropped-LOMAHANKO_APP_LOGO.png\",\"contentUrl\":\"https:\/\/lomahanko.info\/wp-content\/uploads\/2020\/10\/cropped-LOMAHANKO_APP_LOGO.png\",\"width\":240,\"height\":44,\"caption\":\"Lomahanko\"},\"image\":{\"@id\":\"https:\/\/lomahanko.info\/#\/schema\/logo\/image\/\"},\"sameAs\":[\"https:\/\/www.facebook.com\/groups\/214625491910322\"]}]}<\/script>\n<!-- \/ Yoast SEO plugin. -->","yoast_head_json":{"title":"Marketit Hanko -","robots":{"index":"index","follow":"follow","max-snippet":"max-snippet:-1","max-image-preview":"max-image-preview:large","max-video-preview":"max-video-preview:-1"},"canonical":"https:\/\/lomahanko.info\/index.php\/marketit-hanko\/","og_locale":"fi_FI","og_type":"article","og_title":"Marketit Hanko -","og_description":"K-MARKET HANKO Rewellinkatu 2 10900 HANKO p. 0207871680 Katso aukioloajat t\u00e4st\u00e4 S-MARKET HANKO Esplanaadi 90e, 10900 Hanko p. \u00a0+358 10 7626310\u00a0(pvm\/mpm) Avoinna: 06:00\u201423:00 LIDL HANKO Esplanaadi 134, 10900 HANKO Katso aukioloajat t\u00e4st\u00e4 TOKMANNI HANKO Santalantie 21 A 10960 HANKO p. 0300472063 271.myymala@tokmanni.fi Katso aukioloajat t\u00e4st\u00e4","og_url":"https:\/\/lomahanko.info\/index.php\/marketit-hanko\/","article_publisher":"https:\/\/www.facebook.com\/groups\/214625491910322","article_modified_time":"2026-03-18T09:37:32+00:00","og_image":[{"width":687,"height":116,"url":"https:\/\/lomahanko.info\/wp-content\/uploads\/2020\/11\/Tyhja_transparent1.png","type":"image\/png"}],"twitter_card":"summary_large_image","twitter_misc":{"Arvioitu lukuaika":"2 minuuttia"},"schema":{"@context":"https:\/\/schema.org","@graph":[{"@type":"WebPage","@id":"https:\/\/lomahanko.info\/index.php\/marketit-hanko\/","url":"https:\/\/lomahanko.info\/index.php\/marketit-hanko\/","name":"Marketit Hanko -","isPartOf":{"@id":"https:\/\/lomahanko.info\/#website"},"primaryImageOfPage":{"@id":"https:\/\/lomahanko.info\/index.php\/marketit-hanko\/#primaryimage"},"image":{"@id":"https:\/\/lomahanko.info\/index.php\/marketit-hanko\/#primaryimage"},"thumbnailUrl":"https:\/\/lomahanko.info\/wp-content\/uploads\/2020\/11\/Tyhja_transparent1.png","datePublished":"2020-11-13T08:04:55+00:00","dateModified":"2026-03-18T09:37:32+00:00","breadcrumb":{"@id":"https:\/\/lomahanko.info\/index.php\/marketit-hanko\/#breadcrumb"},"inLanguage":"fi","potentialAction":[{"@type":"ReadAction","target":["https:\/\/lomahanko.info\/index.php\/marketit-hanko\/"]}]},{"@type":"ImageObject","inLanguage":"fi","@id":"https:\/\/lomahanko.info\/index.php\/marketit-hanko\/#primaryimage","url":"https:\/\/lomahanko.info\/wp-content\/uploads\/2020\/11\/Tyhja_transparent1.png","contentUrl":"https:\/\/lomahanko.info\/wp-content\/uploads\/2020\/11\/Tyhja_transparent1.png","width":687,"height":116},{"@type":"BreadcrumbList","@id":"https:\/\/lomahanko.info\/index.php\/marketit-hanko\/#breadcrumb","itemListElement":[{"@type":"ListItem","position":1,"name":"Etusivu","item":"https:\/\/lomahanko.info\/"},{"@type":"ListItem","position":2,"name":"Marketit Hanko"}]},{"@type":"WebSite","@id":"https:\/\/lomahanko.info\/#website","url":"https:\/\/lomahanko.info\/","name":"","description":"","publisher":{"@id":"https:\/\/lomahanko.info\/#organization"},"potentialAction":[{"@type":"SearchAction","target":{"@type":"EntryPoint","urlTemplate":"https:\/\/lomahanko.info\/?s={search_term_string}"},"query-input":{"@type":"PropertyValueSpecification","valueRequired":true,"valueName":"search_term_string"}}],"inLanguage":"fi"},{"@type":"Organization","@id":"https:\/\/lomahanko.info\/#organization","name":"Lomahanko","url":"https:\/\/lomahanko.info\/","logo":{"@type":"ImageObject","inLanguage":"fi","@id":"https:\/\/lomahanko.info\/#\/schema\/logo\/image\/","url":"https:\/\/lomahanko.info\/wp-content\/uploads\/2020\/10\/cropped-LOMAHANKO_APP_LOGO.png","contentUrl":"https:\/\/lomahanko.info\/wp-content\/uploads\/2020\/10\/cropped-LOMAHANKO_APP_LOGO.png","width":240,"height":44,"caption":"Lomahanko"},"image":{"@id":"https:\/\/lomahanko.info\/#\/schema\/logo\/image\/"},"sameAs":["https:\/\/www.facebook.com\/groups\/214625491910322"]}]}},"_links":{"self":[{"href":"https:\/\/lomahanko.info\/index.php\/wp-json\/wp\/v2\/pages\/6408","targetHints":{"allow":["GET"]}}],"collection":[{"href":"https:\/\/lomahanko.info\/index.php\/wp-json\/wp\/v2\/pages"}],"about":[{"href":"https:\/\/lomahanko.info\/index.php\/wp-json\/wp\/v2\/types\/page"}],"author":[{"embeddable":true,"href":"https:\/\/lomahanko.info\/index.php\/wp-json\/wp\/v2\/users\/1"}],"replies":[{"embeddable":true,"href":"https:\/\/lomahanko.info\/index.php\/wp-json\/wp\/v2\/comments?post=6408"}],"version-history":[{"count":3,"href":"https:\/\/lomahanko.info\/index.php\/wp-json\/wp\/v2\/pages\/6408\/revisions"}],"predecessor-version":[{"id":7752,"href":"https:\/\/lomahanko.info\/index.php\/wp-json\/wp\/v2\/pages\/6408\/revisions\/7752"}],"wp:attachment":[{"href":"https:\/\/lomahanko.info\/index.php\/wp-json\/wp\/v2\/media?parent=6408"}],"curies":[{"name":"wp","href":"https:\/\/api.w.org\/{rel}","templated":true}]}}